**2 - 9*s + 10. Let c be j(-7). Suppose -61 = 5*n - c. Suppose -4*o = -n - 2. What is the highest common factor of o and 1?
1
Let c(h) = -35*h**2 - 3*h + 2. Let s be c(1). Let n be (-3)/(-2*(-3)/s). What is the greatest common divisor of n and 18?
18
Let t = 159 - 71. Suppose q + 5 = 2*v - 21, 5*q + t = -4*v. Let c = 0 - q. What is the greatest common divisor of c and 80?
20
Suppose 0 = 2*y + i - 219, 3*y + i = 123 + 208. Let h(v) = -5*v + 3. Let g be h(-5). What is the greatest common divisor of g and y?
28
Let k = -30 + 47. Let s = k - 10. What is the greatest common factor of 7 and s?
7
Let x be (-105)/6*(1 - 5 - 2). Calculate the greatest common factor of 21 and x.
21
Suppose 69 = 4*a - 11. What is the highest common factor of 60 and a?
20
Suppose -117 = -0*g - 3*g. Let u be (g/(-5))/((-2)/10). Calculate the greatest common factor of 26 and u.
13
Let o be (2/3)/((-2)/36). Let h be 40/(-6)*o/10. What is the highest common divisor of 88 and h?
8
Suppose o = 19 + 23. Let t be 3/(-4)*(-9 + 1). Calculate the greatest common divisor of t and o.
6
Let t = -29 + 101. What is the highest common factor of t and 18?
18
Let d(n) = 2*n**2 + n - 4. Let l = 6 - 2. Let j be d(l). Let z = -5 + 13. Calculate the greatest common factor of j and z.
8
Let d be (-9)/(-15) - 157/(-5). What is the highest common factor of 48 and d?
16
Suppose -6 + 0 = -m + 2*g, 2*m - 12 = 5*g. What is the greatest common factor of m and 42?
6
Let v = 62 + -19. What is the greatest common divisor of v and 129?
43
Let u(i) = i + 2. Let q be u(3). Suppose -4 = 2*p + 2*p. Let m be 3/((-6)/70)*p. What is the greatest common factor of q and m?
5
Let n(p) = p**3 - 2*p**2 + 2. Let f be n(3). What is the greatest common factor of 11 and f?
11
Suppose 0 = 2*t + 2*t - 28. Suppose -2*d - t = -3*r, 0*d - d = 3*r - 19. What is the greatest common divisor of d and 4?
4
Let j(o) = o**2 - 6*o. Let s be j(7). Let v(l) = 7*l. Let a be v(2). What is the greatest common divisor of a and s?
7
Let o = 127 + -57. Let y be 0 - -8 - (-1 - 1). Calculate the highest common divisor of y and o.
10
Let y = -10 - -10. Let a = 2 - y. Calculate the highest common factor of a and 10.
2
Suppose 0*p - 18 = -3*p. Suppose -30 = -z + p. Calculate the greatest common divisor of 12 and z.
12
Let o be (0 - (-1)/2)*4. Calculate the highest common divisor of 8 and o.
2
Suppose 4*n + s - 247 = 2*s, 4*s = -5*n + 314. Suppose p = 5*o - n, o + p = 4*p + 18. Calculate the highest common factor of 36 and o.
12
Let c be 7*7/((-196)/24). Let f(s) = -s**2 - 6*s + 4. Let h be f(c). What is the greatest common divisor of 4 and h?
4
Let o be 27/2 - (-4)/8. Suppose 3*v - 44 = -o. Calculate the greatest common factor of v and 40.
10
Let g(m) = -m + 2. Let j be g(0). What is the highest common factor of j and 5?
1
Let h(t) = 3 - 2*t**2 - 7*t + 9*t**2 - 8*t**2. Let l be h(-5). Calculate the greatest common divisor of l and 104.
13
Suppose -2 = -2*x + 12. Let h(q) = 15*q**2 - q. Let g be h(1). What is the highest common divisor of x and g?
7
Let b be (12/(-30))/(1/(-5)). Suppose b*w - 80 = -3*w. Suppose 5*p - 5*o - 251 = 69, 0 = o. What is the highest common divisor of p and w?
16
Let f be -3*(0 + (1 - 15/9)). Calculate the highest common divisor of f and 8.
2
Suppose -4*r = -6*r + 22. Let k = r - 6. Let f be ((-18)/k)/((-12)/30). Calculate the highest common divisor of f and 63.
9
Suppose -5*j - 46 - 564 = 0. Let g be j/(-5) - 6/15. Let h = -101 - -113. Calculate the highest common factor of h and g.
12
Let w(k) = k**2 - 2*k - 6. Let u be w(-4). Let l = 118 - 74. Let t = l - 26. Calculate the greatest common factor of t and u.
18
Suppose 0 = 5*h - 8 - 12. Suppose 2*p = -h*z - 6, -3*p = -4*p + 3*z + 7. Calculate the greatest common divisor of p and 3.
1
Suppose 0 = -b + q + 25, 1 = -q - 0. Let i(h) = -27*h**3 - 1. Let y be i(-1). Let z = b + y. Calculate the highest common divisor of z and 20.
10
Let g(l) = l**2 - 3*l + 1. Let v = -2 - -5. Let f be g(v). What is the highest common divisor of f and 9?
1
Let c(g) = -4*g**2 - 2*g - 1. Let l be c(2). Let t = -19 - l. Calculate the highest common divisor of 8 and t.
2
Let j be 6/21 - (-110)/7. Let s(k) = 16*k**2 - k + 2. Let a = 3 + -1. Let f be s(a). Calculate the highest common factor of f and j.
16
Let b be 5 - 3 - (1 - 2). Calculate the highest common factor of b and 33.
3
Let f be 7/(28/136) - 1. What is the greatest common factor of 3 and f?
3
Let y(p) = p**3 - 2*p**2 - 10*p - 2. Let u be y(5). What is the greatest common divisor of 115 and u?
23
Suppose -2*s + 4 = 0, -y - 2*y + 2*s + 722 = 0. Let j = 65 - 43. What is the greatest common divisor of j and y?
22
Suppose 13*c = 10*c + 216. What is the highest common divisor of 18 and c?
18
Suppose -3*a - 3*g - g = -22, -4*g = -16. Let z = -25 - -47. Calculate the greatest common factor of z and a.
2
Let g(a) = 2*a**2 + 8*a - 6. Let h = -2 + 5. Suppose 3*y + 21 = -h*m, m - 3 = -4*y - 28. Let u be g(y). Calculate the highest common divisor of 27 and u.
9
Suppose -6*u = -2*u + 12. Let l be (u/(-9))/(3/18). Suppose 8 = -4*z, 0*h - l*h = -z - 44. What is the highest common factor of h and 3?
3
Let i = 6 + -10. Let o be (-1)/i + 306/24. Calculate the highest common factor of o and 13.
13
Let y be ((-64)/12)/(-3*(-6)/(-81)). Suppose -f + m = -m - 3, -4 = -2*m. Let n = 43 - f. What is the highest common divisor of y and n?
12
Let r(p) be the first derivative of 5/2*p**2 + 0*p - 1 + p**3. Let y be r(-4). What is the greatest common factor of y and 42?
14
Suppose 5*m - 31 = 2*c - 11, m - 4 = c. Suppose 0 = 2*r - m*r + 4*x + 36, -3*r - 3*x = -36. Calculate the highest common factor of r and 35.
7
Suppose -2*d - 9 + 21 = 0. Let b(t) = 12*t - 7. Let w be b(d). Let a be (7 + -9)/((-1)/13). What is the greatest common divisor of a and w?
13
Suppose 1 - 21 = -4*o. Suppose -o*h = 2*u - 23, 5 = -4*u + 3*h - 14. Let a = u + 22. Calculate the highest common factor of 7 and a.
7
Let l be 7/2 + (-3)/2. Let k be (l - 1 - -2) + 1. Calculate the greatest common divisor of 4 and k.
4
Suppose -4*f - 7 = 5. Let w(m) = -12*m - 4. Let j be w(f). Calculate the highest common divisor of 48 and j.
16
Suppose 5*x - y - 177 = 0, 0 = 2*x + 2*y - 4*y - 74. Suppose 2*n = 6*n - 28. Calculate the greatest common factor of x and n.
7
Suppose -2*v = -5*r - 136, -4*v + 7*r + 292 = 2*r. Suppose -s = -v - 54. Calculate the greatest common divisor of s and 12.
12
Let c be -2*1/(-1 - 0). Suppose -c*s + 4 = -0. Suppose -s*z - 3*z = -55. What is the highest common divisor of z and 55?
11
Let c(d) = -d. Let b(q) = -q**2 - 2*q - 1. Let g be b(-2). Let n be c(g). Calculate the greatest common divisor of 5 and n.
1
Suppose 2*f - 6 = -5*d + 26, d - 9 = -3*f. Let x = -1 + 4. Let v be x/(-9) - 146/(-6). Calculate the greatest common factor of d and v.
6
Let h(t) = -t**2 - 2*t - 4. Let u be h(0). Let f be 3 + (21 + u - -4). What is the highest common factor of f and 96?
24
Suppose 5 - 27 = -2*z. Let w = 24 - z. Calculate the greatest common factor of w and 13.
13
Let h be 120 + 5 + (2 - (-2)/(-2)). Calculate the highest common divisor of 14 and h.
14
Let l(v) = 2*v**3 + 1. Suppose 6*b - y = 4*b + 2, 0 = b - 2*y - 1. Let r be l(b). Suppose 0 = r*i - 80 + 32. What is the highest common factor of 8 and i?
8
Let t(u) = u**2 - 6*u - 25. Let i be t(15). Suppose 3*b = 3*j - 45, 0*b - 5 = -2*j - 3*b. What is the greatest common divisor of i and j?
10
Let i = -2 + 1. Let t be 4 - (-1 - (1 + i)). Calculate the greatest common factor of 1 and t.
1
Let r(u) = u + 17. Let j be r(-13). Suppose -j*v - v = -15. Calculate the highest common divisor of 15 and v.
3
Let t be 2/(-6) - 248/(-24). Let q be (3 + 6/(-2))/(-2). Suppose q*s - 4*s = -280. Calculate the highest common divisor of s and t.
10
Let j = 18 - 15. Suppose -j*t = z - 6*z + 28, 2*z - 8 = -2*t. What is the greatest common divisor of z and 20?
5
Let d be ((-2)/4)/(2/24). Suppose 2*u = -1 + 19. Let b = d + u. Calculate the greatest common factor of b and 12.
3
Let s be 4/6 + (-86)/(-6). Suppose -4*w + 46 = -2*z, -z + 4*w = -0 + 31. Let b be 1/((-3)/z*1). What is the highest common divisor of b and s?
5
Let p be (-4)/2*(-6)/4. Suppose -4*t + p*t = -3. Let g be (-366)/(-8) - t/4. What is the greatest common divisor of g and 30?
15
Let i be ((-2)/3)/((-